{"id":56,"date":"2024-10-30T23:54:19","date_gmt":"2024-10-31T02:54:19","guid":{"rendered":"https:\/\/labcuidamais.com.br\/?page_id=56"},"modified":"2025-03-26T16:21:25","modified_gmt":"2025-03-26T19:21:25","slug":"home","status":"publish","type":"page","link":"https:\/\/labcuidamais.com.br\/","title":{"rendered":"Home"},"content":{"rendered":"\t\t<div data-elementor-type=\"wp-page\" data-elementor-id=\"56\" class=\"elementor elementor-56\">\n\t\t\t\t<div class=\"elementor-element elementor-element-46969885 e-flex e-con-boxed e-con e-parent\" data-id=\"46969885\" data-element_type=\"container\">\n\t\t\t\t\t<div class=\"e-con-inner\">\n\t\t<div class=\"elementor-element elementor-element-21740675 e-con-full e-flex e-con e-child\" data-id=\"21740675\" data-element_type=\"container\">\n\t\t\t\t<div class=\"elementor-element elementor-element-610769ef elementor-widget elementor-widget-image\" data-id=\"610769ef\" data-element_type=\"widget\" data-widget_type=\"image.default\">\n\t\t\t\t<div class=\"elementor-widget-container\">\n\t\t\t\t\t\t\t\t\t\t\t\t\t\t\t<img fetchpriority=\"high\" decoding=\"async\" width=\"390\" height=\"141\" src=\"https:\/\/labcuidamais.com.br\/wp-content\/uploads\/2024\/10\/cuidamais2-removebg-preview.png\" class=\"attachment-large size-large wp-image-63\" alt=\"\" srcset=\"https:\/\/labcuidamais.com.br\/wp-content\/uploads\/2024\/10\/cuidamais2-removebg-preview.png 390w, https:\/\/labcuidamais.com.br\/wp-content\/uploads\/2024\/10\/cuidamais2-removebg-preview-300x108.png 300w\" sizes=\"(max-width: 390px) 100vw, 390px\" \/>\t\t\t\t\t\t\t\t\t\t\t\t\t\t\t<\/div>\n\t\t\t\t<\/div>\n\t\t\t\t<\/div>\n\t\t<div class=\"elementor-element elementor-element-4c6b97b8 e-con-full e-flex e-con e-child\" data-id=\"4c6b97b8\" data-element_type=\"container\">\n\t\t\t\t<\/div>\n\t\t<div class=\"elementor-element elementor-element-c975083 e-con-full e-flex e-con e-child\" data-id=\"c975083\" data-element_type=\"container\">\n\t\t\t\t<\/div>\n\t\t\t\t\t<\/div>\n\t\t\t\t<\/div>\n\t\t<div class=\"elementor-element elementor-element-2341034 e-con-full e-flex e-con e-parent\" data-id=\"2341034\" data-element_type=\"container\">\n\t\t\t\t<div class=\"elementor-element elementor-element-45ecd35 elementor-widget elementor-widget-image\" data-id=\"45ecd35\" data-element_type=\"widget\" data-widget_type=\"image.default\">\n\t\t\t\t<div class=\"elementor-widget-container\">\n\t\t\t\t\t\t\t\t\t\t\t\t\t\t\t<img decoding=\"async\" width=\"800\" height=\"250\" src=\"https:\/\/labcuidamais.com.br\/wp-content\/uploads\/2025\/03\/bannercuide-3-1024x320.png\" class=\"attachment-large size-large wp-image-262\" alt=\"\" srcset=\"https:\/\/labcuidamais.com.br\/wp-content\/uploads\/2025\/03\/bannercuide-3-1024x320.png 1024w, https:\/\/labcuidamais.com.br\/wp-content\/uploads\/2025\/03\/bannercuide-3-300x94.png 300w, https:\/\/labcuidamais.com.br\/wp-content\/uploads\/2025\/03\/bannercuide-3-768x240.png 768w, https:\/\/labcuidamais.com.br\/wp-content\/uploads\/2025\/03\/bannercuide-3-1536x480.png 1536w, https:\/\/labcuidamais.com.br\/wp-content\/uploads\/2025\/03\/bannercuide-3.png 1600w\" sizes=\"(max-width: 800px) 100vw, 800px\" \/>\t\t\t\t\t\t\t\t\t\t\t\t\t\t\t<\/div>\n\t\t\t\t<\/div>\n\t\t\t\t<\/div>\n\t\t<div class=\"elementor-element elementor-element-32e1633b e-flex e-con-boxed e-con e-parent\" data-id=\"32e1633b\" data-element_type=\"container\" data-settings=\"{&quot;background_background&quot;:&quot;gradient&quot;}\">\n\t\t\t\t\t<div class=\"e-con-inner\">\n\t\t<div class=\"elementor-element elementor-element-2675b43f e-con-full e-flex e-con e-child\" data-id=\"2675b43f\" data-element_type=\"container\">\n\t\t<div class=\"elementor-element elementor-element-2a5a29e3 e-con-full e-flex e-con e-child\" data-id=\"2a5a29e3\" data-element_type=\"container\">\n\t\t<div class=\"elementor-element elementor-element-67d26a7 e-con-full e-flex e-con e-child\" data-id=\"67d26a7\" data-element_type=\"container\" data-settings=\"{&quot;background_background&quot;:&quot;classic&quot;}\">\n\t\t\t\t<div class=\"elementor-element elementor-element-4564d75f elementor-view-default elementor-widget elementor-widget-icon\" data-id=\"4564d75f\" data-element_type=\"widget\" data-widget_type=\"icon.default\">\n\t\t\t\t<div class=\"elementor-widget-container\">\n\t\t\t\t\t\t\t<div class=\"elementor-icon-wrapper\">\n\t\t\t<div class=\"elementor-icon\">\n\t\t\t<svg aria-hidden=\"true\" class=\"e-font-icon-svg e-fas-syringe\" viewBox=\"0 0 512 512\" xmlns=\"http:\/\/www.w3.org\/2000\/svg\"><path d=\"M201.5 174.8l55.7 55.8c3.1 3.1 3.1 8.2 0 11.3l-11.3 11.3c-3.1 3.1-8.2 3.1-11.3 0l-55.7-55.8-45.3 45.3 55.8 55.8c3.1 3.1 3.1 8.2 0 11.3l-11.3 11.3c-3.1 3.1-8.2 3.1-11.3 0L111 265.2l-26.4 26.4c-17.3 17.3-25.6 41.1-23 65.4l7.1 63.6L2.3 487c-3.1 3.1-3.1 8.2 0 11.3l11.3 11.3c3.1 3.1 8.2 3.1 11.3 0l66.3-66.3 63.6 7.1c23.9 2.6 47.9-5.4 65.4-23l181.9-181.9-135.7-135.7-64.9 65zm308.2-93.3L430.5 2.3c-3.1-3.1-8.2-3.1-11.3 0l-11.3 11.3c-3.1 3.1-3.1 8.2 0 11.3l28.3 28.3-45.3 45.3-56.6-56.6-17-17c-3.1-3.1-8.2-3.1-11.3 0l-33.9 33.9c-3.1 3.1-3.1 8.2 0 11.3l17 17L424.8 223l17 17c3.1 3.1 8.2 3.1 11.3 0l33.9-34c3.1-3.1 3.1-8.2 0-11.3l-73.5-73.5 45.3-45.3 28.3 28.3c3.1 3.1 8.2 3.1 11.3 0l11.3-11.3c3.1-3.2 3.1-8.2 0-11.4z\"><\/path><\/svg>\t\t\t<\/div>\n\t\t<\/div>\n\t\t\t\t\t\t<\/div>\n\t\t\t\t<\/div>\n\t\t\t\t<div class=\"elementor-element elementor-element-5d74838 elementor-align-center elementor-widget elementor-widget-button\" data-id=\"5d74838\" data-element_type=\"widget\" data-widget_type=\"button.default\">\n\t\t\t\t<div class=\"elementor-widget-container\">\n\t\t\t\t\t\t\t\t\t<div class=\"elementor-button-wrapper\">\n\t\t\t\t\t<a class=\"elementor-button elementor-button-link elementor-size-sm\" href=\"https:\/\/lis.centrallab.com.br\/shift\/lis\/centrallab\/elis\/s01.iu.web.Login.cls?config=LCUIDAMAIS\">\n\t\t\t\t\t\t<span class=\"elementor-button-content-wrapper\">\n\t\t\t\t\t\t\t\t\t<span class=\"elementor-button-text\">RESULTADOS ONLINE<\/span>\n\t\t\t\t\t<\/span>\n\t\t\t\t\t<\/a>\n\t\t\t\t<\/div>\n\t\t\t\t\t\t\t\t<\/div>\n\t\t\t\t<\/div>\n\t\t\t\t<\/div>\n\t\t<div class=\"elementor-element elementor-element-2944a1af e-con-full e-flex e-con e-child\" data-id=\"2944a1af\" data-element_type=\"container\" data-settings=\"{&quot;background_background&quot;:&quot;classic&quot;}\">\n\t\t\t\t<div class=\"elementor-element elementor-element-6f22b485 elementor-view-default elementor-widget elementor-widget-icon\" data-id=\"6f22b485\" data-element_type=\"widget\" data-widget_type=\"icon.default\">\n\t\t\t\t<div class=\"elementor-widget-container\">\n\t\t\t\t\t\t\t<div class=\"elementor-icon-wrapper\">\n\t\t\t<div class=\"elementor-icon\">\n\t\t\t<svg aria-hidden=\"true\" class=\"e-font-icon-svg e-fas-chart-bar\" viewBox=\"0 0 512 512\" xmlns=\"http:\/\/www.w3.org\/2000\/svg\"><path d=\"M332.8 320h38.4c6.4 0 12.8-6.4 12.8-12.8V172.8c0-6.4-6.4-12.8-12.8-12.8h-38.4c-6.4 0-12.8 6.4-12.8 12.8v134.4c0 6.4 6.4 12.8 12.8 12.8zm96 0h38.4c6.4 0 12.8-6.4 12.8-12.8V76.8c0-6.4-6.4-12.8-12.8-12.8h-38.4c-6.4 0-12.8 6.4-12.8 12.8v230.4c0 6.4 6.4 12.8 12.8 12.8zm-288 0h38.4c6.4 0 12.8-6.4 12.8-12.8v-70.4c0-6.4-6.4-12.8-12.8-12.8h-38.4c-6.4 0-12.8 6.4-12.8 12.8v70.4c0 6.4 6.4 12.8 12.8 12.8zm96 0h38.4c6.4 0 12.8-6.4 12.8-12.8V108.8c0-6.4-6.4-12.8-12.8-12.8h-38.4c-6.4 0-12.8 6.4-12.8 12.8v198.4c0 6.4 6.4 12.8 12.8 12.8zM496 384H64V80c0-8.84-7.16-16-16-16H16C7.16 64 0 71.16 0 80v336c0 17.67 14.33 32 32 32h464c8.84 0 16-7.16 16-16v-32c0-8.84-7.16-16-16-16z\"><\/path><\/svg>\t\t\t<\/div>\n\t\t<\/div>\n\t\t\t\t\t\t<\/div>\n\t\t\t\t<\/div>\n\t\t\t\t<div class=\"elementor-element elementor-element-eec5881 elementor-align-center elementor-widget elementor-widget-button\" data-id=\"eec5881\" data-element_type=\"widget\" data-widget_type=\"button.default\">\n\t\t\t\t<div class=\"elementor-widget-container\">\n\t\t\t\t\t\t\t\t\t<div class=\"elementor-button-wrapper\">\n\t\t\t\t\t<a class=\"elementor-button elementor-button-link elementor-size-sm\" href=\"https:\/\/lis.centrallab.com.br\/shift\/lis\/centrallab\/elis\/s01.iu.interface.web.consulta.Procedimento.cls?config=LCUIDAMAIS&#038;sigla=\">\n\t\t\t\t\t\t<span class=\"elementor-button-content-wrapper\">\n\t\t\t\t\t\t\t\t\t<span class=\"elementor-button-text\">INFORMA\u00c7\u00d5ES EXAMES<\/span>\n\t\t\t\t\t<\/span>\n\t\t\t\t\t<\/a>\n\t\t\t\t<\/div>\n\t\t\t\t\t\t\t\t<\/div>\n\t\t\t\t<\/div>\n\t\t\t\t<\/div>\n\t\t\t\t<\/div>\n\t\t\t\t<\/div>\n\t\t\t\t\t<\/div>\n\t\t\t\t<\/div>\n\t\t<div class=\"elementor-element elementor-element-58fc73e6 e-flex e-con-boxed e-con e-parent\" data-id=\"58fc73e6\" data-element_type=\"container\" data-settings=\"{&quot;background_background&quot;:&quot;gradient&quot;}\">\n\t\t\t\t\t<div class=\"e-con-inner\">\n\t\t<div class=\"elementor-element elementor-element-2c7e2b49 e-con-full e-flex e-con e-child\" data-id=\"2c7e2b49\" data-element_type=\"container\">\n\t\t\t\t<div class=\"elementor-element elementor-element-3aabae70 elementor-widget elementor-widget-heading\" data-id=\"3aabae70\" data-element_type=\"widget\" data-widget_type=\"heading.default\">\n\t\t\t\t<div class=\"elementor-widget-container\">\n\t\t\t\t\t<h2 class=\"elementor-heading-title elementor-size-default\">Endere\u00e7o<\/h2>\t\t\t\t<\/div>\n\t\t\t\t<\/div>\n\t\t\t\t<div class=\"elementor-element elementor-element-136b49b elementor-widget elementor-widget-heading\" data-id=\"136b49b\" data-element_type=\"widget\" data-widget_type=\"heading.default\">\n\t\t\t\t<div class=\"elementor-widget-container\">\n\t\t\t\t\t<h2 class=\"elementor-heading-title elementor-size-default\">Rua S\u00e3o Jos\u00e9, n\u00b0 820 - Centro - Juazeiro do Norte\/CE<\/h2>\t\t\t\t<\/div>\n\t\t\t\t<\/div>\n\t\t\t\t<\/div>\n\t\t<div class=\"elementor-element elementor-element-57cb8bc3 e-con-full e-flex e-con e-child\" data-id=\"57cb8bc3\" data-element_type=\"container\">\n\t\t\t\t<div class=\"elementor-element elementor-element-f5430e0 elementor-widget elementor-widget-google_maps\" data-id=\"f5430e0\" data-element_type=\"widget\" data-widget_type=\"google_maps.default\">\n\t\t\t\t<div class=\"elementor-widget-container\">\n\t\t\t\t\t\t\t<div class=\"elementor-custom-embed\">\n\t\t\t<iframe loading=\"lazy\"\n\t\t\t\t\tsrc=\"https:\/\/maps.google.com\/maps?q=Endere%C3%A7o%3A%20Rua%20S%C3%A3o%20Jos%C3%A9%2C%20n%C2%B0%20820%20-%20Centro%20-%20Juazeiro%20do%20Norte%2FCE%E2%80%8B&#038;t=m&#038;z=16&#038;output=embed&#038;iwloc=near\"\n\t\t\t\t\ttitle=\"Endere\u00e7o: Rua S\u00e3o Jos\u00e9, n\u00b0 820 - Centro - Juazeiro do Norte\/CE\u200b\"\n\t\t\t\t\taria-label=\"Endere\u00e7o: Rua S\u00e3o Jos\u00e9, n\u00b0 820 - Centro - Juazeiro do Norte\/CE\u200b\"\n\t\t\t><\/iframe>\n\t\t<\/div>\n\t\t\t\t\t\t<\/div>\n\t\t\t\t<\/div>\n\t\t\t\t<\/div>\n\t\t\t\t\t<\/div>\n\t\t\t\t<\/div>\n\t\t<div class=\"elementor-element elementor-element-6bcd4d4d e-flex e-con-boxed e-con e-parent\" data-id=\"6bcd4d4d\" data-element_type=\"container\" data-settings=\"{&quot;background_background&quot;:&quot;classic&quot;}\">\n\t\t\t\t\t<div class=\"e-con-inner\">\n\t\t<div class=\"elementor-element elementor-element-330a678c e-con-full e-flex e-con e-child\" data-id=\"330a678c\" data-element_type=\"container\">\n\t\t\t\t<div class=\"elementor-element elementor-element-5a313acd elementor-widget elementor-widget-heading\" data-id=\"5a313acd\" data-element_type=\"widget\" data-widget_type=\"heading.default\">\n\t\t\t\t<div class=\"elementor-widget-container\">\n\t\t\t\t\t<h2 class=\"elementor-heading-title elementor-size-default\">\u00a9 2024 - LABORATORIO CUIDA MAIS \/ TODOS OS DIREITOS RESERVADOS<\/h2>\t\t\t\t<\/div>\n\t\t\t\t<\/div>\n\t\t\t\t<\/div>\n\t\t\t\t\t<\/div>\n\t\t\t\t<\/div>\n\t\t\t\t<\/div>\n\t\t","protected":false},"excerpt":{"rendered":"<p>RESULTADOS ONLINE INFORMA\u00c7\u00d5ES EXAMES Endere\u00e7o Rua S\u00e3o Jos\u00e9, n\u00b0 820 &#8211; Centro &#8211; Juazeiro do Norte\/CE \u00a9 2024 &#8211; LABORATORIO CUIDA MAIS \/ TODOS OS DIREITOS RESERVADOS<\/p>\n","protected":false},"author":1,"featured_media":0,"parent":0,"menu_order":0,"comment_status":"closed","ping_status":"closed","template":"elementor_canvas","meta":{"footnotes":""},"class_list":["post-56","page","type-page","status-publish","hentry"],"_links":{"self":[{"href":"https:\/\/labcuidamais.com.br\/index.php?rest_route=\/wp\/v2\/pages\/56","targetHints":{"allow":["GET"]}}],"collection":[{"href":"https:\/\/labcuidamais.com.br\/index.php?rest_route=\/wp\/v2\/pages"}],"about":[{"href":"https:\/\/labcuidamais.com.br\/index.php?rest_route=\/wp\/v2\/types\/page"}],"author":[{"embeddable":true,"href":"https:\/\/labcuidamais.com.br\/index.php?rest_route=\/wp\/v2\/users\/1"}],"replies":[{"embeddable":true,"href":"https:\/\/labcuidamais.com.br\/index.php?rest_route=%2Fwp%2Fv2%2Fcomments&post=56"}],"version-history":[{"count":199,"href":"https:\/\/labcuidamais.com.br\/index.php?rest_route=\/wp\/v2\/pages\/56\/revisions"}],"predecessor-version":[{"id":265,"href":"https:\/\/labcuidamais.com.br\/index.php?rest_route=\/wp\/v2\/pages\/56\/revisions\/265"}],"wp:attachment":[{"href":"https:\/\/labcuidamais.com.br\/index.php?rest_route=%2Fwp%2Fv2%2Fmedia&parent=56"}],"curies":[{"name":"wp","href":"https:\/\/api.w.org\/{rel}","templated":true}]}}